t v(b) = -b**2 - 3*b - 2. Let g(s) = -s + 3. Let n be g(3). Suppose -2*q - 7 - 1 = n. Calculate v(q).
-6
Suppose 15 = 5*w - 8*w. Let c(z) be the first derivative of -z**4/4 - 2*z**3 - 7*z**2/2 - 7*z + 1. Give c(w).
3
Let b(j) = -2*j - 11. Let k(g) = g + 6. Let i(m) = 3*b(m) + 5*k(m). Determine i(4).
-7
Let p(z) = z**2 - 6*z + 8. Suppose 4*f + q - 28 = 0, -4*q + 2*q + 2 = -f. Give p(f).
8
Suppose 0 = s, -3*s - 30 = 4*m + m. Let b(k) = -k**3 - 5*k**2 + 6*k + 8. Give b(m).
8
Let v(j) = -j - j - 4*j**2 + 0*j - 3 + 5*j**2. Determine v(4).
5
Let f(a) = -a**2 - 4*a + 5. Let c be (-4)/3*15/10. Let z be c/(-6)*24/2. Suppose 31 = -z*i + 7. Determine f(i).
-7
Suppose 0 = 2*a + 3*a - 10. Let w(i) = -2*i**3 + 0*i - a*i**2 + 4 + i**3 - 5*i**2 - 5*i. Give w(-6).
-2
Let b(m) = m - 4. Suppose 3 = -4*s + 27. Give b(s).
2
Let f(s) be the first derivative of -s**6/120 + s**5/15 - s**4/24 - 2*s**3/3 - s**2 + 1. Let u(n) be the second derivative of f(n). Determine u(4).
-8
Let r(b) = -7*b + 11. Let t(x) = 20*x - 32. Let p(d) = 17*r(d) + 6*t(d). Calculate p(8).
3
Suppose 3*f - 4*b - 8 = 0, 0*f + 3*b + 6 = 2*f. Let x(d) = 4 - 4 - d + 0*d - 6. Calculate x(f).
-6
Let z(b) be the third derivative of -b**7/5040 + b**6/240 - b**5/20 - 3*b**2. Let k(i) be the third derivative of z(i). Determine k(7).
-4
Let j be (-3)/(-1 + (0 - 0)). Suppose 0*v - 4 = 2*y - v, 0 = 5*y + 2*v - 8. Let t(r) = r + r + y*r - 1. Determine t(j).
5
Let w(b) = b**2 + 6*b. Let a be w(-6). Suppose a = -5*h - 1 + 26. Suppose -m = -h*m. Let u(v) = -v**2 + 5. Calculate u(m).
5
Let a(q) = -2*q + 39. Let m be a(16). Let v(z) = -z**3 + 7*z**2 + 6. Calculate v(m).
6
Let i(u) = -5*u. Suppose 8 = 5*m - m. Suppose 12 = -m*h - h. Let t = h + 6. Calculate i(t).
-10
Let w(u) = -37*u - 8 + 3*u**2 + u**3 + 36*u - 2*u**3 - 4*u**2. Give w(0).
-8
Suppose 0 = -a - 3*m + 19, 0 = 2*a + a + 3*m - 27. Let z(d) = 3 + 5*d - 4*d**2 - 10*d + 5*d**2. Let h be z(a). Let s(k) = -2*k**3 + k. Determine s(h).
1
Suppose -3*p - 17 = 1. Let y(m) = m**3 + 5*m**2 - 4*m - 4. What is y(p)?
-16
Suppose 5*u + 29 = -m, m + 16 = -3*u - 3. Let v = -12 - u. Let o(s) = -s - 8. Give o(v).
-1
Let n(g) = -g**3 + 5*g**2 - 2. Let m(l) = -2*l + 1. Let i = -15 + 22. Let f be m(i). Let r = 18 + f. Calculate n(r).
-2
Suppose 4*n - 4 - 16 = 0. Let q(f) = 2 - n*f + f**2 + 0*f**2 + 2*f. Let x be 6*((-5)/(-3))/((-20)/(-8)). What is q(x)?
6
Let l be 1*(-15)/9*-3. Suppose -2*f = 3*f - k, l*f = -3*k + 20. Let x(y) = -5 - 2*y**2 + 4 + 3*y**2. Determine x(f).
0
Let v(l) = 9*l**2 + 11*l - 9. Let g(d) = -5*d**2 - 6*d + 5. Let h(o) = -o**3 - 4*o**2 + 2*o + 4. Let n be h(-3). Let u(k) = n*g(k) - 6*v(k). Give u(-2).
3
Let s(q) = q**2 - 2*q - 4. Let d be (-216)/(-10) - (-12)/30. Let t be ((-2)/3)/(d/99). Determine s(t).
11
Let p(v) = 5*v - 6. Let y(x) = 4*x - 6. Let c(l) = -3*p(l) + 4*y(l). Suppose -2*d + d = -20. Let k = d - 14. Give c(k).
0
Let a(t) = t**2 + 10. Suppose -3 = -4*q - 3*w + 2, 5*q - 13 = 3*w. Suppose -3*j + j + q*h = 6, 0 = 5*j + 3*h - 9. Calculate a(j).
10
Let b(w) = w**2 + 2*w - 5. Let g(p) = 3*p**2 + 3*p - 10. Let l(y) = 5*b(y) - 2*g(y). Give l(5).
-10
Suppose 5*i + 2*j - j = 20, -5*i + j = -20. Let h(s) be the third derivative of 1/3*s**3 + 0 - s**2 + 0*s - 1/6*s**i + 1/15*s**5. Give h(2).
10
Let q(b) = -11*b**2 - 4*b + 2. Let r(h) = 4*h**2 + h - 1. Let f(c) = 3*q(c) + 8*r(c). Give f(-3).
1
Let m(g) = g**2 + g - 6. Let q(r) = r**2 + r - 5. Let d(n) = 3*m(n) - 4*q(n). Calculate d(2).
-4
Let r be (-4)/(-3) + 12/18. Let w(d) = 4*d - 2*d**3 + 0*d**3 + d**3 - 2*d**r - 1. Let o be w(-3). Let b(p) = -p + 2. What is b(o)?
6
Let x(l) = 8*l - 7. Let d(h) be the third derivative of -h**4/24 + h**3/6 - 3*h**2. Let g(r) = -6*d(r) - x(r). Give g(1).
-1
Let v(f) = 6*f + 2. Let s be (-22)/(-10) - 5/25. Give v(s).
14
Let y(s) = s**2 + s - 4. Let x be y(-3). Suppose 2*f + 3*f + 20 = 0, -23 = -3*t + x*f. Let g(n) = 4*n - 4 - 2*n + 2 - n. Give g(t).
3
Let f(h) be the third derivative of h**4/24 - 2*h**3/3 + 13*h**2. What is f(-6)?
-10
Let n(o) = -1. Let r(y) be the third derivative of -y**4/24 + y**3/3 + 3*y**2. Let t(z) = -5*n(z) - 4*r(z). Give t(2).
5
Suppose -4*y + 66 = 18. Let g be y/(-3)*2/(-2). Suppose g*i - 4 = 2*i. Let c(b) = -3*b + 1. Give c(i).
-5
Let i(p) = -p - 1. Let j(x) = x**2 + 5*x - 1. Let h be j(-6). Let k(s) = 3*s - 5*s - 4*s**2 + h*s**2. Let f(z) = 2*i(z) + k(z). What is f(5)?
3
Let q(s) = -s**2 + 5*s - 3. Let k(m) = 2*m. Let b(g) = -3*g. Let j(p) = -3*b(p) - 5*k(p). Let i be j(3). Let r = i + 6. Calculate q(r).
3
Let y(s) = s + 7. Let k be y(-6). Let p(z) be the first derivative of 5 + 0*z - 1/2*z**2. Calculate p(k).
-1
Suppose -4*w = -15 - 9. Suppose 0 = w*r - 3*r - 12. Let d(a) = a**2 + r - 4*a + a**3 + 3*a + a**2. What is d(-3)?
-2
Let x(r) = r**3 - r**2 + 7*r - 1. Let o(d) = -d**3 - 6*d + 1. Let j(n) = 5*o(n) + 4*x(n). Suppose 2*s + 6 = -s. Determine j(s).
-3
Let p(h) = -h**3 - 6*h**2 - 5*h + 2. Suppose -15 = 3*k + 5*d, -5 = 2*k - k + 5*d. Give p(k).
2
Let f(c) = -2*c + 13. Let g be f(10). Let h(s) be the third derivative of s**5/60 + 7*s**4/24 + s**3/6 + 4*s**2. Calculate h(g).
1
Let x be 4/3*(3 - 0). Suppose 2*j - 39 = 3*p, -x*j = -7*j + 2*p + 46. Let r(t) = -4 + 6*t + t**3 + 5*t - j*t. Determine r(0).
-4
Let a(h) = h - 15. Let i be a(20). Let l(r) be the third derivative of 3*r**2 - 7/24*r**4 + 0*r + 0*r**3 + 1/60*r**i + 0. Determine l(6).
-6
Let p(y) = y**2 + 8*y + 5. Let l be p(-7). Suppose -3*b = 2*h - 16, -2*b - 3*h + 4 = -15. Let r(d) = 0*d - 6 + b - d. Give r(l).
-2
Let u(z) = z**3 + 5*z**2 + 4*z - 2. Let m be u(-4). Let q(d) = 38 - 3*d**2 - 3*d - 39 + 0*d. What is q(m)?
-7
Suppose 7*j = 17 + 11. Suppose 4*f - 12 - 4 = 4*o, -3*f - 2*o = -2. Let z(w) = 0*w - 1 + 3*w - f*w. What is z(j)?
3
Suppose -5 + 11 = 3*r. Let v be 1 + r + -3 + 2. Let a(c) = 6*c - 3. What is a(v)?
9
Let i(q) = -5*q**2 + 7*q - 6. Let c(p) = 14*p**2 - 21*p + 18. Let r(b) = -6*c(b) - 17*i(b). Determine r(-7).
-6
Let q(n) = -n**3 - 6*n**2 - n - 1. Let k be q(-6). Suppose -3*z = 2*z - k. Let x be (z + 1 - -3) + -2. Let h(a) = -a**3 + 3*a**2 + a - 3. Give h(x).
0
Suppose h = 2*h - 2. Suppose -18 = -5*c - h*u, 2*u - 10 = -3*c - 0*u. Let v(i) = -i**3 + 4*i**2 + 2*i - 5. What is v(c)?
3
Let r(t) = 2*t + 1. Suppose 5*h = -l + 7, -2*h - 3 = h + 3*l. Calculate r(h).
5
Suppose -2*y + 2*n + 1 + 5 = 0, 0 = -y - 5*n - 9. Let h = -1 - -1. Let r(x) = -2*x + 1 - 2*x**2 - 4*x**2 + h. Determine r(y).
-7
Let k(s) be the second derivative of s**6/24 - s**5/60 + s**3/6 + 3*s**2/2 - 4*s. Let t(x) be the first derivative of k(x). Calculate t(1).
5
Suppose -3*t - 23 = -53. Suppose 0 = -4*g - 0*g + 5*h + 63, 0 = -3*h - 9. Suppose t*k - 7*k = g. Let l(x) = x**2 - 4*x + 2. Calculate l(k).
2
Let w(u) = -2*u - 1. Let p be w(-3). Let t = p - 2. Let f = -2 - t. Let j(z) = -z**2 - 5*z + 3. Give j(f).
3
Let a(v) = v + 1. Let l(d) = 6*d + 5. Let r(f) = -3*a(f) + l(f). Let p be (-2)/(3/9*-3). What is r(p)?
8
Let t(i) be the third derivative of i**6/120 - i**5/60 + 3*i**3 - 4*i**2. Determine t(0).
18
Let d(b) be the third derivative of -b**4/12 + 2*b**3 - b**2 - 14. What is d(6)?
0
Let j(l) = -2*l**3 + l**2 - l - 5. Let q(p) = -3*p**3 + 2*p**2 - 2*p - 9. Let i(b) = 5*j(b) - 3*q(b). Determine i(0).
2
Let i(t) = -10*t**2. Let a be i(-1). Let p = 11 + a. Let b(r) = 5*r - 4*r + 5*r**2 - 6*r**2. What is b(p)?
0
Let n(h) = 5*h - 4. Let z(o) = -4*o + 3. Let s(t) = -2*n(t) - 3*z(t). Give s(5).
9
Suppose -16*s + 15*s + 2 = 0. Let p(y) = y + 4 - 2 + s. Give p(-8).
-4
Let g(b) = 2*b + 9. Suppose -4*q = -q + 18. Calculate g(q).
-3
Suppose -2*r = -11 + 7. Suppose 2*o - 3*y = 3*o - 6, 2*y + 1 = o. Suppose r*x - o*x = 2. Let w(j) = -2*j - 3. Give w(x).
1
Let x = -2 - 1. Let t = x + 5. Let d be (-2 + t/(-1))/1. Let b(k) = k**3 + 4*k**2. Calculate b(d).
0
Let d(b) = 5*b + 5*b - 3*b**2 - 85 - 6*b + 82. Calculate d(2).
-7
Let q(h) = -h**2 + 6*h + 10. Let u be q(7). Let g(s) = -s. Suppose -3*k = 2*k + 5. Let j(r) = r - 1. Let d(p) = k*j(p) - 3*g(p). What is d(u)?
7
Let x(y) be the second derivative of 3*y**7/280 - y**6/180 + y**5/120 + 2*y**3/3 + 3*y. Let u(s) be the second derivative of x(s). Calculate u(1).
8
Let h = -8 - -7. Let j(d) = -d**3 - d**2 + d - 1. Let y(w) = 9*w**3 + 3*w**2 - 7*w + 8. Let x(p) = h*y(p) - 6*